10220130?
-10220113
In base 4, what is -21332 + 211?
-21121
In base 16, what is 9c9 - 8?
9c1
In base 2, what is -10101000110 - -110110?
-10100010000
In base 2, what is -1000011011101 - 11010?
-1000011110111
In base 10, what is 44 - -1349?
1393
In base 8, what is -13323 + -2?
-13325
In base 12, what is -4 - -23062?
2305a
In base 2, what is -11 + -10100010011011?
-10100010011110
In base 11, what is 7 + 3304?
3310
In base 6, what is 3 + 10201?
10204
In base 11, what is 3 + 2948?
2950
In base 12, what is -54 - -42346?
422b2
In base 9, what is -4770 + -1140?
-6020
In base 5, what is 3 + -42002424?
-42002421
In base 6, what is -4042504 + -21?
-4042525
In base 11, what is -1a6003 + 4?
-1a5aaa
In base 9, what is -1 + -6567?
-6568
In base 13, what is c5738 + 5?
c5740
In base 13, what is -2 - -196c5?
196c3
In base 15, what is -29488 - 4?
-2948c
In base 13, what is 3 - 95b2?
-95ac
In base 13, what is -32 - -4557?
4525
In base 8, what is 1547405 + -1?
1547404
In base 7, what is -163542506 + -4?
-163542513
In base 7, what is 13100 - -121?
13221
In base 14, what is -44271 - -6?
-44269
In base 14, what is 33d2 + 0?
33d2
In base 15, what is 3 - -858b?
858e
In base 5, what is 0 - 300330?
-300330
In base 11, what is -1170 + -15?
-1185
In base 12, what is -59 - 2aa76?
-2ab13
In base 6, what is -2544 - -22352?
15404
In base 2, what is 10001000101 - -1110?
10001010011
In base 11, what is 447a + 64a?
5019
In base 4, what is 13003033 - -10?
13003103
In base 6, what is -1410435 - -3?
-1410432
In base 14, what is -76dc - -2?
-76da
In base 12, what is -9a + 43a?
360
In base 6, what is -102 - 10053?
-10155
In base 8, what is -2 + 433267?
433265
In base 12, what is 23744 - -1?
23745
In base 10, what is 0 - -92915?
92915
In base 15, what is 1 + 3e84?
3e85
In base 16, what is 1a8ae + 1?
1a8af
In base 5, what is 13140112 - 104?
13140003
In base 3, what is 22000011 - -2?
22000020
In base 5, what is 3331 + -2143?
1133
In base 13, what is 6a2 + 176?
848
In base 12, what is 44 - 515?
-491
In base 14, what is -6 - 8ba?
-8c2
In base 7, what is -1115254 - 6?
-1115263
In base 2, what is 101 + 10101011100011100?
10101011100100001
In base 8, what is 10 - 121?
-111
In base 16, what is 1 - -17e5c?
17e5d
In base 4, what is -2101033110 - 1?
-2101033111
In base 15, what is -3 - 3d0?
-3d3
In base 10, what is 2 + -15899?
-15897
In base 7, what is 2 - 53032?
-53030
In base 2, what is -101 - 1000011011?
-1000100000
In base 10, what is 714572 - 1?
714571
In base 14, what is -1 + -1238b?
-1238c
In base 8, what is 4 + 625200?
625204
In base 2, what is 1000000001 - 100000011?
11111110
In base 13, what is -187 + 35?
-152
In base 15, what is cc + 6de?
7bb
In base 4, what is -32123123 + -11?
-32123200
In base 9, what is 16205 + -1?
16204
In base 9, what is 2011 + 326?
2337
In base 10, what is -14 - 9375?
-9389
In base 16, what is 54d8 - 0?
54d8
In base 6, what is 114551 + -40?
114511
In base 13, what is -1 + -104097?
-104098
In base 14, what is 7b12 - -b?
7b1d
In base 6, what is 44335 + -35?
44300
In base 7, what is -21 + -62344?
-62365
In base 5, what is 13 + -301122?
-301104
In base 3, what is 1 - 120121002?
-120121001
In base 15, what is 3 + -61?
-5d
In base 7, what is 25 + 51310?
51335
In base 6, what is 24232004 + 10?
24232014
In base 8, what is -267176 + -5?
-267203
In base 4, what is 113 - -13100313?
13101032
In base 3, what is -1020210 + 1112201?
21221
In base 11, what is -7 + -5029?
-5035
In base 13, what is 27 + -29b0?
-2986
In base 2, what is 10111010101000011000011 - -1?
10111010101000011000100
In base 3, what is -122121022 + 20202?
-122100120
In base 8, what is -1351 + 673?
-456
In base 9, what is 1678 + 1022?
2711
In base 13, what is 370bb - -5?
370c3
In base 7, what is -3 - 40320?
-40323
In base 9, what is 867825 - 6?
867818
In base 4, what is -102112 + -23312?
-132030
In base 7, what is -24660 + -1210?
-26200
In base 11, what is -27a2 + 9?
-2794
In base 11, what is 1 + 6128?
6129
In base 15, what is 19 + -1a31?
-1a17
In base 4, what is -30011 - 110321?
-200332
In base 16, what is 70 + -2?
6e
In base 14, what is -3a7 - 412?
-7b9
In base 13, what is -13bb95 - -1?
-13bb94
In base 8, what is -2172732 + -1?
-2172733
In base 15, what is 8073 + -ae?
7eb4
In base 13, what is -5b4 + 2?
-5b2
In base 16, what is -1dd53 - -4?
-1dd4f
In base 12, what is -336 - 12?
-348
In base 15, what is -3c769 + -1?
-3c76a
In base 6, what is 10123210 - -2?
10123212
In base 3, what is 10120220 + -21?
10120122
In base 14, what is -848 - -ba8?
360
In base 11, what is -12 - -2aa57?
2aa45
In base 6, what is 0 + -1331255?
-1331255
In base 15, what is 50 + b8?
118
In base 7, what is 13 - 6605203?
-6605160
In base 4, what is 31010 + 133?
31203
In base 9, what is -5 - -36245?
36240
In base 13, what is 2 + -2410?
-240b
In base 13, what is -2 + 7994?
7992
In base 3, what is 121221010 - -210?
121221220
In base 16, what is cd727 + -3?
cd724
In base 2, what is -11000 - 100000000110?
-100000011110
In base 10, what is 19 - 899?
-880
In base 12, what is -7 - 9b981?
-9b988
In base 10, what is 10676995 + -2?
10676993
In base 7, what is 24420146 + -5?
24420141
In base 12, what is 7 + -1598b?
-15984
In base 10, what is 0 + 7230?
7230
In base 9, what is 415 - -4081?
4506
In base 16, what is -4 + -4344d?
-43451
In base 7, what is -1551 - 22?
-1603
In base 3, what is -1010201 + 112?
-1010012
In base 5, what is -34322 - 12?
-34334
In base 12, what is 47b + 31?
4b0
In base 11, what is -11 - 3293?
-32a4
In base 8, what is -7 + -417316?
-417325
In base 14, what is cb68 + -2?
cb66
In base 15, what is 67ed - 3c?
67b1
In base 3, what is -110 + -102000201?
-102001011
In base 8, what is 142 + -10446?
-10304
In base 13, what is 6 - 7363?
-735a
In base 8, what is 1715673 - 1?
1715672
In base 6, what is 5 - 4244033?
-4244024
In base 4, what is -301 - -233222?
232321
In base 7, what is 413 + -1003?
-260
In base 4, what is -330023 - -2212?
-321211
In base 10, what is 4 + 5347?
5351
In base 11, what is -2 - 10758?
-1075a
In base 13, what is aa6 - -19?
ac2
In base 10, what is 1 + 398582?
398583
In base 3, what is -1 - -21011220?
21011212
In base 5, what is -22030 + -132203?
-204233
In base 4, what is -310323 + 1202?
-303121
In base 12, what is -140 + 158?
18
In base 4, what is 2 - -1110321033?
1110321101
In base 13, what is 3b4 - -a1?
485
In base 14, what is -2 + -26bd?
-26c1
In base 11, what is -1204 - 0?
-1204
In base 9, what is 440102 + 2?
440104
In base 2, what is -101 + 101010111110001?
101010111101100
In base 9, what is 123 - -614?
737
In base 7, what is 1 - 661410?
-661406
In base 15, what is -a13 + -90?
-aa3
In base 16, what is 4f - -8d9?
928
In base 9, what is -126 + -303?
-430
In base 5, what is -44 - 24413134?
-24413233
In base 9, what is 2772 + 21?
2803
In base 11, what is 2a - -254?
283
In base 11, what is 26101 - -6?
26107
In base 10, what is -4 - 18274?
-18278
In base 3, what is 1122 - -102212?
111111
In base 5, what is -120 + 203134?
203014
In base 3, what is -20 + -1101212201200?
-1101212201220
In base 5, what is 4032 - 202?
3330
In base 16, what is -29d06 + 5?
-29d01
In base 12, what is 1 - 375?
-374
In base 11, what is -3190 + -181?
-3361
In base 9, what is 105 - -13556?
13662
In base 8, what is 3 + 1065?
1070
In base 10, what is -2 + -9630?
-9632
In base 13, what is -70 + -b1?
-151
In base 7, what is 4 + 4060550?
4060554
In base 14, what is b9b94 - -3?
b9b97
In base 4, what is -322031 - -22310?
-233121
In base 7, what is -14164 + 0?
-14164
In base 7, what is 32115 + 145?
32263
In base 12, what is 27637 - -2?
27639
In base 8, what is 2 + 76574?
76576
In base 12, what is 1 - -12b036?
12b037
In base 12, what is 3b8 + 254?
650
In base 12, what is -1ab - 314?
-503
In base 6, what is 10034 + -203?
5431
In base 7, what is 5 + -246236?
-246231
In base 5, what is 11 - 102334?
-102323
In base 13, what is 43 - -142?
185
In base 5, what is -43042 - -4?
-43033
In base 9, what is -488 - -7818?
7320
In base 6, what is -22 + -2340?
-2402
In base 4, what is -130020112 - -1?
-130020111
In base 10, what is -451 + 4133?
3682
In base 5, what is -10314134 + -1?
-10314140
In base 14, what is 674 - -1b?
691
In base 5, what is -23033 + 240?
-22243
In base 5, what is 1104033 - 141?
1103342
In base 3, what is -10221 + -102101?
-120022
In base 2, what i